Suppose 0 = -4*y + 59 - s. List the prime factors of y.
13
Let x(t) = -t**3 - 10*t**2 + 2. Let s = -21 + 11. Let f be x(s). Suppose 0 = n - f*k - 5, -n - 2*n + 3*k = -18. List the prime factors of n.
7
Let f = 11 - 9. Suppose 3*p + 2*c - 7*c - 67 = 0, -2*p + f*c = -50. List the prime factors of p.
29
Let n = 4 - 6. Let h be 1/n - (-14)/4. Suppose 0 = -4*m + h*m + 9. What are the prime factors of m?
3
Let s(c) be the second derivative of 1/4*c**4 + 0 + 0*c**3 - c - 1/2*c**2. What are the prime factors of s(-2)?
11
Let f be 2/4*1*4. Let a(v) = 2*v**2 + 2*v + 1. What are the prime factors of a(f)?
13
Let t = 10 + -3. Suppose 2*s - t*s + 10 = 0. Suppose 0 = -q + o + 7, 5*o + 4 + 4 = s*q. What are the prime factors of q?
3
Let j(n) = 10*n - 9. List the prime factors of j(7).
61
Let s = -49 - -181. What are the prime factors of s?
2, 3, 11
Suppose -d = 1 + 3. Let r = 8 - 6. Let l = r - d. What are the prime factors of l?
2, 3
Suppose -5 = -c + 6. Let p = c + -20. Let r = 0 - p. What are the prime factors of r?
3
Suppose -p = 5*t + 2*p - 13, -p = 3*t - 11. Suppose 1 = -o + t. Let z = 13 - o. What are the prime factors of z?
3
Suppose 12*q = 534 + 1794. List the prime factors of q.
2, 97
Suppose -5 = -2*p + 9. Let l(i) = i**3 - 6*i**2 - 6*i - 6. Let h be l(p). List the prime factors of 48/9 - h/3.
5
Let v = -9 - -9. Let s = 6 - v. What are the prime factors of s?
2, 3
Let l = 55 + 19. List the prime factors of l.
2, 37
Let a be 6/8*1*4. Suppose -4*y = a*p - 63, -7 - 17 = -2*y - 4*p. What are the prime factors of y?
2, 3
Let t = 26 + -10. Let b = t + -23. What are the prime factors of (-40)/b - 2/(-7)?
2, 3
Let a(h) = 10*h + 0*h**2 + h**2 - 2*h**2 + 6. Let i be a(10). Suppose 6 + i = 3*f. What are the prime factors of f?
2
Let x be 5 + (-2 + 0 - -3). Suppose -x = -4*d + 2*g + 8, 0 = 3*d - 5*g - 21. Suppose 12 = 3*t, 8 = d*p + 4*t - 14. List the prime factors of p.
3
Let l be (-8)/44 - (-2)/11. Suppose -60 = -2*v + g, 0 = -2*v - 3*g - l*g + 52. List the prime factors of v.
29
Suppose 3*d - 89 = 2*x - 0*x, x = -5*d + 157. What are the prime factors of d?
31
Let q(k) = 2*k - 1. Let v(s) be the third derivative of -s**4/6 - s**3/6 + 3*s**2. Let l be v(-1). List the prime factors of q(l).
5
What are the prime factors of (-2)/(-10) - 394/(-5)?
79
Suppose -3*x = -5*x. Suppose -2*a - 7 + 27 = x. List the prime factors of a.
2, 5
Suppose 23 + 7 = r. What are the prime factors of r?
2, 3, 5
Suppose 3*n - 7 = 2*n. Let h = n - 0. List the prime factors of h.
7
Let y(p) be the third derivative of 0*p - 1/6*p**3 + 1/30*p**5 - 1/120*p**6 + 0 - 2*p**2 + 1/24*p**4. List the prime factors of y(-2).
13
Let i(y) = -3*y + 2. Let z be i(-5). Suppose 2*k = z - 1. List the prime factors of k.
2
Suppose 3*x + 21 = 81. Let y be (2/(-2) - -1) + -6. Let l = x + y. List the prime factors of l.
2, 7
Let y(r) = 4*r**3 + 22*r**2 + 11*r - 9. Let n = 10 - 3. Let t(w) = -w**3 - 7*w**2 - 4*w + 3. Let s(d) = n*t(d) + 2*y(d). What are the prime factors of s(6)?
3
Let b = 63 - 38. List the prime factors of b.
5
Let q = -60 - -113. What are the prime factors of q?
53
Let u be -2 + -1*(-2)/2. Let q = 7 - 5. List the prime factors of q/1 - (1 + u).
2
Let j(i) be the first derivative of -1/3*i**3 - 3 + 3*i - 3*i**2. What are the prime factors of j(-6)?
3
What are the prime factors of (2 + (-5)/3)*165 + 0?
5, 11
Let j(k) = -k**3 + 11*k**2 + 15*k - 9. Let y be ((-2)/3)/(1/(-18)). What are the prime factors of j(y)?
3
What are the prime factors of 200/10 + 1/1?
3, 7
Let c(i) be the second derivative of i**4/12 + 7*i**3/6 + 4*i**2 - 3*i. Let h be c(-7). What are the prime factors of (h/6)/(1/3)?
2
Let h(z) be the second derivative of -z**5/20 + z**4/4 + z**3/3 + 2*z**2 - 3*z. Let i be h(4). What are the prime factors of (1 - -11)/((-6)/i)?
2
Let m = 3 + -3. Suppose m = -2*h - 219 - 71. What are the prime factors of (-2)/11 - h/11?
13
Suppose 5*l - 3 = 6*l, 3*b - 2*l - 117 = 0. List the prime factors of b.
37
Let o = 26 - 17. Suppose -8*t - 2 = -o*t. What are the prime factors of t?
2
Suppose -5*i + 119 = 39. List the prime factors of i.
2
Let z(y) = y**3 + 11*y**2 + 6*y + 10. What are the prime factors of z(-10)?
2, 5
Suppose 2*r = -2*r + 144. Let b = r - 15. List the prime factors of b.
3, 7
Suppose 0 - 2 = -v. Suppose 2*s - 20 - 6 = -2*n, 4*s - 3*n - 73 = 0. Suppose v*f = f + s. What are the prime factors of f?
2
Suppose 5*n - 153 = -0*t + 2*t, 2*n - 66 = -4*t. What are the prime factors of n?
31
Suppose -6*f = -4*f. Let v = 8 - f. List the prime factors of v.
2
Let l(o) = -o - 2. Let m be l(-2). Suppose m = 2*s + s. Let h(g) = -g**3 - g**2 + 12. What are the prime factors of h(s)?
2, 3
Let c = 7 - -4. Let i be (2 - 1 - c) + 0. What are the prime factors of (i/(-6))/(3/9)?
5
Suppose 4*v + 211 = 575. List the prime factors of v.
7, 13
Let g(v) be the first derivative of v**5/20 + 5*v**4/12 + 5*v**3/6 + v**2 + 2*v + 1. Let w(x) be the first derivative of g(x). List the prime factors of w(-3).
5
Let t(m) = -2*m. Let p be t(-3). Let g(s) = -s**3 + 7*s**2 - 4*s - 1. What are the prime factors of g(p)?
11
What are the prime factors of 50/375 - (-2516)/30?
2, 3, 7
Let b be 6/(-6) + 12 + 0. Let i = -6 + b. List the prime factors of i.
5
Let g(j) = 9*j - 5. Let x(u) = 17*u - 9. Let c(q) = -11*g(q) + 6*x(q). Let r be c(1). Suppose 0 = -4*d + a + 30, d + r*a - 9 = 5*a. List the prime factors of d.
7
Let v = -14 - -8. Let g(y) = -y. List the prime factors of g(v).
2, 3
Let t = -12 + 18. Let u = t - -3. List the prime factors of u.
3
Suppose -2*y + 11 = 1. Suppose y = -j + 12. List the prime factors of j.
7
Let x be -2 + (-6)/(-3) - -48. Suppose -3*v = v + x. Let h = v - -21. List the prime factors of h.
3
Let c(a) = -6*a + 3*a + 16 + 2*a**2 - 22 - a**2. List the prime factors of c(-5).
2, 17
Let c(y) = -5*y - 1. Let t(w) = 4*w + 1. Let a(h) = -3*c(h) - 4*t(h). Let v be a(-5). What are the prime factors of (3 - 2 - -1)*v?
2
Suppose -4*i = -4, -i + 3 = t + 2*i. Suppose t*u - u + 24 = 0. List the prime factors of u.
2, 3
What are the prime factors of (5 - 4)/((-22)/(-20) + -1)?
2, 5
Let a = 3 + 3. Let c = 4 + a. Suppose x - 6*x + c = 5*o, 0 = 2*o + 8. What are the prime factors of x?
2, 3
Let z(f) = -f + 4. Let n be z(3). Suppose -2 - n = -l. Suppose l*m - 4 = 4*x - 5, -x + m = 1. What are the prime factors of x?
2
Let h(u) = 8*u - 25. List the prime factors of h(18).
7, 17
Suppose -5*t - 11 = 3*f, -t - 2 = -f + 5. Suppose -m - 2*m = f*n + 6, -m = 4. List the prime factors of n.
2
Let a be (2 + -3)*-1*42. Let l = -25 + a. List the prime factors of l.
17
Let x(s) = -3*s + s - 8 + 4. Let b be x(-4). Suppose b*w - 4*p - 20 = 0, -w - 3*p = w - 10. List the prime factors of w.
5
Let q(t) = 16*t**2 - 3*t + 12. What are the prime factors of q(3)?
3, 7
Let y = 12 - 3. What are the prime factors of 10/(2 - 12/y)?
3, 5
Let h(k) = 4*k**2. Let t be h(1). Suppose -t*u + 121 - 5 = 0. What are the prime factors of u?
29
Suppose -u = -3*u + 4. Suppose 0 = u*h - 4*h + 6. What are the prime factors of h?
3
Suppose 3*o + 3*c - 48 = 0, 39 = -3*o + 3*c + 111. List the prime factors of o.
2, 5
Let p(v) = -2*v - 6. Let c be p(-4). Suppose 3*t = c + 4. What are the prime factors of t?
2
Let x(v) be the first derivative of 7*v**3 - v**2/2 - 2*v + 2. List the prime factors of x(-1).
2, 5
Suppose -2*c - 402 = -5*c. What are the prime factors of c?
2, 67
Let k(i) be the third derivative of -i**4/24 + i**3 - i**2. Let x be k(-11). Suppose 3*t - 50 = -x. What are the prime factors of t?
11
Let i(a) = -3*a**2 + 1. Let b be i(-1). List the prime factors of b/(2 + 56/(-26)).
13
Let s be 10/6 + 10/(-15). Suppose 0 = 3*h + 2 + s. What are the prime factors of (4 - 5)*(h + -7)?
2
Let t(v) be the first derivative of -v**4/24 - v**2 + 2. Let u(o) be the second derivative of t(o). List the prime factors of u(-10).
2, 5
Let v(y) = y**3 - 7*y**2 - y + 1. Suppose -n + 2 = -0*n, -4*a + 38 = 5*n. Let d be v(a). List the prime factors of ((-28)/6)/(d/9).
7
Suppose 5*o - 22 = -4*u, -2*u - 2*u = -o - 34. What are the prime factors of u?
2
Suppose 0 = -3*x + 7*x - 3*b + 25, -4*x - 3*b - 7 = 0. Let g = 11 + x. Let m = 4 + g. List the prime factors of m.
11
Let m be -15*4/((-8)/10). Suppose w = -2*w + m. List the prime factors of w.
5
Let t(y) be the seco